t k(b) = b**2 + 12*b + 25. Let l be k(-10). Suppose -l = -j + m. What is the units digit of j?
9
Let m(s) = 312*s - 102. What is the units digit of m(6)?
0
Let n(c) = -20*c**3 + 24*c**2 + 11*c + 14. Let f(a) = 7*a**3 - 8*a**2 - 4*a - 5. Let v(q) = 17*f(q) + 6*n(q). What is the tens digit of v(7)?
3
Let m(v) be the second derivative of v**4/4 - 5*v**3/6 + 5*v**2/2 + 18*v. What is the tens digit of m(5)?
5
Let q = -135 - -362. Let w = -68 + q. What is the units digit of w?
9
Suppose 102*z = 104*z - 76. Let o(q) = -57*q. Let l be o(-1). Let v = l - z. What is the tens digit of v?
1
Let z = -316 - -945. What is the tens digit of z?
2
Let k be (-3)/(-7) + 192/42. Suppose 203 = o + k*h, 5*o + 24 = -4*h + 1081. What is the tens digit of o?
1
Suppose -l = -6*l - 4*d - 218, 5*d = 3*l + 116. Let r = 105 + l. Let i = -28 + r. What is the tens digit of i?
3
Suppose 6*t = 5163 + 12831. What is the thousands digit of t?
2
Suppose t + 3*m = -4, 0 = -4*t - 3*m - 23 - 11. Let g = t + 7. What is the tens digit of 381/12 - g/(-4)?
3
Suppose 5*i + 0*m - 12 = m, i - 4*m = 10. Suppose i*c + 3 = 23. Suppose -60 = -y - c. What is the units digit of y?
0
Let s(g) = g**2 + 7*g - 11. Let j be s(-9). Let q = j + -7. Suppose q = 3*z - z - 16. What is the units digit of z?
8
Suppose -p + 2 = 10. Let d = -10 - p. What is the tens digit of d*(-3)/(-6)*-32?
3
Suppose 4*a + f = 25, -4*f = -5*a + f. Suppose a*w = 612 - 137. What is the tens digit of w?
9
Let j(i) = 39*i**2 - 1. What is the units digit of j(-2)?
5
Let u = -537 - -1119. What is the units digit of u?
2
Suppose 5 = 6*h - 13. Suppose -h*w = 2*d - 172 + 48, -2*d - 2*w = -126. What is the tens digit of d?
6
Let t(n) = n + 3. Let b be t(5). Let v be (-24)/b + (-10)/(-2). Suppose v*u + 22 = 84. What is the tens digit of u?
3
Let z(t) = 11*t**3 - 7*t**2 + 33*t - 26. What is the thousands digit of z(6)?
2
Suppose -3*t - 2*t + 4*x + 430 = 0, 2*t + 5*x - 172 = 0. Suppose 4*w + 4*k - k = -t, 3*w - 4*k = -52. Let j = w - -25. What is the units digit of j?
5
Let a = 580 - 292. What is the tens digit of a?
8
Let b = -206 - -94. Let f = 212 + b. What is the units digit of f?
0
Suppose -182 = -2*r - 2*b + 4*b, b = -3*r + 277. Suppose 2*m + 5*n = 54, -6*m + 3*m - 2*n + r = 0. What is the tens digit of m?
3
Let m = -991 - -1119. What is the hundreds digit of m?
1
Let p be (18/(-8))/((-6)/80). Suppose 1400 = 31*u + 19*u. Suppose -o + 10 = 3*f - p, f = -4*o + u. What is the tens digit of f?
1
Let c be ((-2)/3)/(1/(-3)). Suppose 6 = -c*a + 4*a. Suppose 3*j - 10 = -4*t, t + a*j - 2 = 5. What is the units digit of t?
1
Suppose 4*t + 6*u = 10*u + 13912, 2*u = 4*t - 13904. What is the thousands digit of t?
3
Let o(n) = -14*n + 2. Let l be ((-12)/4)/(2/(-6)*-1). What is the hundreds digit of o(l)?
1
Let l = -311 + 595. What is the tens digit of l?
8
What is the hundreds digit of 5 + -2 + -1 - (0 - 3074)?
0
Let t(g) = 3*g**2 - g - 2. Suppose 0 = -4*v - 0*i - 2*i - 2, 4*i + 1 = -5*v. Let f be t(v). What is the units digit of f/4*(-3 + 27)?
2
Let y = 33 - 38. What is the units digit of (2 - 5/y) + 2?
5
Let u = -132 - -10. What is the units digit of 3/(-24)*u*4?
1
Let z(a) = 13*a**2 + 76. What is the tens digit of z(11)?
4
Suppose -2*h = -5*h. Suppose h = -5*y + 22 + 78. What is the tens digit of y?
2
Suppose 351*h + 1925 = 356*h. What is the tens digit of h?
8
Let u(h) = h**3 + 3*h**2 - 3*h + 4. Suppose 3*i + 6 = 2*d, -8 = 4*d + 4. Let l be u(i). Suppose -m - 3*m + 172 = l. What is the tens digit of m?
4
Let j(g) = 9*g - 34 + 15 + 6. What is the units digit of j(6)?
1
Let y(t) be the second derivative of t**4/12 - 2*t**2 - t - 6. What is the tens digit of y(-8)?
6
Let u = -2069 + 4545. What is the units digit of u?
6
Suppose -10*m + 405 + 55 = 0. Suppose -u = -2*y - m - 46, -3*y = 9. What is the units digit of u?
6
Suppose -2*f - 1 = 5*j, 0 = -2*j + 6. Let b be (-6)/(-4)*f/(-3). Suppose -2*m + b*m = 30. What is the units digit of m?
5
Let f = -14 + 16. Let y be f/(-4) - 17/34. What is the tens digit of (108/4*-1)/y?
2
Let d = 42 + -22. Let c be (112 + 2)/(15/d). Suppose -y = -2*v + 5*v - 56, 3*y = -5*v + c. What is the units digit of y?
4
What is the units digit of ((-46)/(-8))/(38/2736)?
4
Suppose 0 = 5*l + 17 - 2, -9 = 3*y + 2*l. Let a(z) = z**2 - 4*z - 4. What is the units digit of a(y)?
1
Suppose w + 3*s = -0 - 9, -s - 25 = 4*w. Let j(z) = 2*z**2 + 12*z + 4. Let b be j(w). Suppose -5*p + 5 = -b*p. What is the units digit of p?
5
Let r(b) = -b**3 - b + 4. Let k be r(0). Let y(d) = 14 - k*d - 6 - 9. What is the tens digit of y(-5)?
1
Let q(y) = -8*y**2 + 62*y - 4. Let s be q(8). Suppose n - 3*u - 20 = 0, 60 - 16 = 4*n - 3*u. What is the tens digit of (-1095)/s + (-6)/n?
5
Let h = 46 + -21. Let x = h - 11. What is the tens digit of x?
1
Suppose -b + 11 = -3*z, 41 = 4*b + 5*z + 14. Let u(y) = 6*y - 1 + b - y - 4*y. What is the units digit of u(0)?
7
Suppose 1246 = 27*d - 22838. What is the tens digit of d?
9
Let k(g) = g**3 - 4*g**2 - 8*g - 6. Let n be k(6). What is the units digit of 29/(-9) - n/(-81) - -144?
1
Let l(z) = z**3 + 13*z**2 + 18*z + 19. What is the hundreds digit of l(-10)?
1
Suppose 5*p - 30 = -0*z + 3*z, -5*z = 5*p + 10. Suppose 0 = p*f - 65 - 19. What is the units digit of f?
8
Suppose 8 = 3*s + 4*h - 5, 2*h = 4*s + 12. Let q be (2/(-4))/(s/88). Suppose 2*v + 9 = -w + q, -5*v - 138 = -3*w. What is the tens digit of w?
4
Let a be (-2)/10 - (-8)/(-10). What is the hundreds digit of 4369/17 - a*3?
2
Suppose 2*z - 5*m - 5 = 0, 3*m = z + 2 - 3. Let u be 6/z - 44/(-10). Suppose u*o = 48 + 67. What is the tens digit of o?
2
Suppose 2*z - 3*j - 1011 + 187 = 0, -z + 390 = 4*j. What is the units digit of z?
6
Let m be (-24)/15*565/(-2). Suppose 0 = -5*l + m + 68. What is the hundreds digit of l?
1
Let w(x) = 5*x**3 - 2*x**2 + x. Let i be w(1). Suppose -i*h = 2*y, -5*h = -0*y - 3*y + 33. What is the units digit of (4/y)/(12/432)?
4
Suppose 7*v - 18*v + 2970 = 0. Suppose 5*g - v = -2*d, d + 5*g = 202 - 62. What is the tens digit of d?
3
What is the hundreds digit of -411*(50/15 - 5)?
6
Let v be (-2 + 0)/(-2 + (-51)/(-26)). What is the units digit of 172/(-5)*(v/(-8) + 4)?
6
Suppose 0 = 126*q - 124*q - 8434. What is the tens digit of q?
1
Suppose -2*n + 18 = 2*z, -n - 23 = -3*z - 3*n. Suppose 5*h = 3*y + 1055, -z*y = -3*h - 0*y + 633. What is the hundreds digit of h?
2
Suppose u + 5*z = 149, -2*u - 2*z - 170 = -3*u. Suppose -u*s = -158*s - 1230. What is the tens digit of s?
0
Let h(u) = -2*u**2 + 32*u + 4. Let q be h(16). Suppose -2*m + q*y - y + 446 = 0, 1115 = 5*m - 2*y. What is the hundreds digit of m?
2
Let w(u) = -u**3 + 14*u**2 + 14*u + 3. Let t be w(15). What is the units digit of (2/(-6))/(t/3060)?
5
Let o = 83 - 130. Let b = 93 + o. What is the tens digit of b?
4
Let m = 729 - 433. Let x = m + -199. Suppose -2*a - x = -3*d, -66 = 3*d - a - 164. What is the units digit of d?
3
Let t be (-2*5)/((-14)/1799). What is the hundreds digit of ((-5)/(-5))/(5/t)?
2
Let h = 1713 - -573. What is the thousands digit of h?
2
Let n = -130 + 101. Let y = -44 - -95. Let g = y + n. What is the tens digit of g?
2
Let a be 90/25 - (-6)/(-10). Let t(d) = 41*d - 9. What is the tens digit of t(a)?
1
Suppose 0 = -7007*k + 7009*k - 6694. What is the units digit of k?
7
Let m(y) = -y**2 + 8*y + 11. Let a be m(-5). Let o = 67 - a. What is the units digit of (-6)/12 - o/(-2)?
0
Let t be -2 + 25 + (-3)/(-3). Let o = 29 - t. Suppose 14 - 55 = -3*c + 4*a, -2*c + o*a = -32. What is the tens digit of c?
1
Let s(v) = -v + 12. Let x(m) = -13. Let j(l) = -3*s(l) - 2*x(l). Let r = -66 - -70. What is the units digit of j(r)?
2
Suppose 6 = 4*f + 2*p, -3*p = -3*f + 6*f - 12. Let k = 24 - f. Let u = k + -12. What is the tens digit of u?
1
Let n(g) = -g**2 + g - 10. Let w be n(0). What is the tens digit of w/5 + 64 + (-3)/(-1)?
6
Suppose 8*q + 3 = 27. Suppose -5*u + l + 43 = -162, -2*l = -q*u + 123. What is the units digit of u?
1
Suppose 2*m + 3*c = -3*m + 30, 4*c - 32 = -4*m. Suppose -p = m*p - 332. What is the tens digit of p?
8
Let x(f) = -f**2 - 10*f - 12. Let q be x(-8). Let c(d) = -2 - 11*d + 4 + 3 + 3*d - d**3 + 7*d**2. What is the tens digit of c(q)?
2
Let v be (1 - 2)*(-251 + -8). Suppose 429 + v = 4*z - 4*a, 0 = 3*z - 2*a - 513. What is the tens digit of 